4579 + 40 + 1)?
-34
What is the value of -9 - -34 - (-5 - 38 - -4)?
64
1 - 37 - (46 - 83)
1
Evaluate 5 - -5 - 12 - -39 - 13 - -8.
32
What is ((2 + -5 - -3) + 0 - (-15 - -22)) + -10?
-17
Calculate -130 + -94 + 31 + 106.
-87
What is (1 - 0 - -8) + -19931 + 19931?
9
What is the value of 93 + -53 - (10 + (-1 - (1 - -3)))?
35
Calculate -66 - (99 - 92 - 89).
16
-55 - -33 - (-3 + -3 + 12 + -11 + -5)
-12
What is 11 - (-11 + 20 + (13 - -5))?
-16
-5 - (10 + -6 + (91 + -134 - (-1 + 9)))
42
-125 + 374 + -218 + (0 - 21)
10
Calculate -9 - ((-28 - -31) + (4 - (26 + -10))).
0
Evaluate 0 + 66 + -45 + 26 + 9 + 26.
82
What is (-5 - -4) + -6 + (383 - 367)?
9
Calculate 6 - -60 - 71 - (-1 + -2 - 0) - 36.
-38
What is the value of 0 + 118 - (2177 - 2039)?
-20
What is the value of (-8 - 0) + 0 - ((670 - 654) + (1 - -6))?
-31
What is the value of 18 + 0 - (-42 + 22 + 17 + (-10 - -3))?
28
What is (-6 - ((-2 - 1) + (141 - 136))) + -31?
-39
Calculate 22 + (-15 + 2 - -30 - -13).
52
What is (202 - 104) + (-23 - 2 - (17 - 28))?
84
-15 + (-12 - (-12 - 5)) - (2 - -27)
-39
Evaluate 22 + -68 + 29 + -14 + 21.
-10
(-360 - -392) + -158 + 1 - -39
-86
What is the value of -1029 + 1012 + 1 + -32?
-48
(3 - (12 + -13 + 7)) + -17
-20
What is (-34 - 6) + -7 - (13 + 4 + 8 + -17)?
-55
What is (9 - (9 + -19 - 1 - -10 - -30)) + 6?
-14
What is the value of -5486 + 5462 + (-1 - (7 - 0)) + 0 + 1?
-31
What is (-7 - 17) + 48 - 28?
-4
(1 - -74) + (0 + -19 - (-586 + 559))
83
What is the value of (-10 - 1) + (17 - -30) + (5 - (0 - 16))?
57
(23 - (29 + -14) - (23 - 4)) + 15
4
What is 38 + -25 + 14 - 21?
6
Evaluate 127 + -354 + 120 + -3 + 1 + 6 - -7.
-96
Calculate -4 + 59 + 7 + (1 - 29).
34
31 + 7 + -16 + -9 - 12 - -69
70
23 + (-27 - -39 - (-2 + 20))
17
Calculate -34 - (-132 + 31 + 34 - 20).
53
What is the value of (-10 - (-8 + (-16 - -13 - -2) + -2)) + 61?
62
-36 + (61 - 28) + 69 - -14
80
Calculate (-2 + 4 - 1) + 15 + 17657 + -17575.
98
What is 23 + 25 - 42 - 34?
-28
Evaluate 10 - 6 - (620 - 724 - (2 + 1 + -18)).
93
Calculate 41 + 155 + -78 + -150.
-32
What is the value of (33 - (146 + -243)) + -98?
32
What is the value of (-297 - -288) + 98 + -8?
81
What is the value of 3138 + -3082 + 5 + (0 + -2 - -3) + -11?
51
What is (3 - 2 - -1) + (27 - 58 - -30)?
1
-27 + 155 + (-18 - 20)
90
Calculate 3 - 2 - (10 - (11 - (3 + 11))).
-12
What is -23 + -13 + 6 - (-11 - 8)?
-11
-71 - (-52 - (-1 - 37))
-57
Evaluate (-470 - -459) + (-8 - (2 + 2)).
-23
Evaluate (-4 + 4 - (-18 + 1)) + (-73 - 16 - -75).
3
What is the value of -8 + (0 - -4) + (-1 - 11) + (28 - 8)?
4
Calculate 2 - -62 - (39 + (-2 - 4) + -23).
54
Calculate (10 + -7 + 18 - 6) + (-39 - (-24 + 1)).
-1
Evaluate 8 - 3 - 61 - (16 + (-4 - (10 + 9))).
-49
What is (82 + -13 - 57) + 31?
43
(24 - (26 + (-13 - -35))) + -29
-53
What is (-3 + 6 - 14 - (-684 + 680)) + -82?
-89
What is the value of 60 - (3 - (20 + -99))?
-22
What is the value of 4 - -82 - -27 - 31 - 28?
54
What is (110 - 39) + ((-4 - (0 + -7)) + -6 - -3)?
71
34 + -25 + (1 - (1 - 5)) + 78
92
What is (25 - (-16 - (28 - 48))) + -4?
17
What is 1 - 30 - (-1746 + 1701)?
16
-46 + -32 - (47 - (-16 + 60))
-81
Evaluate (0 + 1 + 2 - 6) + -33 + 109 + -26.
47
Calculate 29 - (-3 - -6) - ((-3 - -5) + 2 + -13).
35
Evaluate (34 - 0) + 1 - ((-657 - -306) + 344).
42
25 + -12 + (-9 - -1) + (-15 - 70)
-80
Calculate 0 + 0 + (-66 - -24 - ((-1 - -4) + -4)).
-41
Calculate (-84 - -113) + 2 + -10 + 27.
48
What is the value of 6 + 24 - (71 + 8)?
-49
What is (-7 - -65) + -11 + 8 + -3 + 0 + 4?
56
Evaluate (-21 - 16) + (21 - -19).
3
Evaluate 14 + (17 - (24 - 15)) - (73 - -70).
-121
Evaluate 26 + -1 + (24 - ((34 - 3) + -4)).
22
67 - (191 - (-153 + 201))
-76
Evaluate -154 + -9 - -146 - ((-3 - -1) + 39).
-54
Calculate 7 + (-16 - -12) + 5 - (25 - (-1 + 5)).
-13
Calculate (43 - (-20 - (-17 - 107))) + (-1 - -4).
-58
Evaluate (36 - 27) + -8 + 7 - (-4 + -1) - 55.
-42
What is the value of -26 + (-52 - (-38 - 27)) + -1 + -16?
-30
13 - (-2 + (-14 - -20) - -22) - -14
1
120 - (-61 - (-5 + -98))
78
What is the value of -46 + (34 - -7) + 24?
19
Evaluate -15 + -6 + (-1 + -17 - (-306 - -291)).
-24
What is the value of 4 + (-20 - -18 - -20) + -43?
-21
What is the value of (-9 - 1 - (163 - 163)) + 1 - -53?
44
(0 - (6 - 3)) + -7 + -1126 + 1130
-6
Calculate 15 + (34 - 70) + 4 + 48.
31
(74 + -93 - -27) + -22 + (1 - 0) + 1
-12
What is the value of 0 - 107 - (64 - -10 - 13 - 52)?
-116
Calculate 116 + -35 + -1 + -35 - -23.
68
What is (43 - 17 - (-18 + 2)) + 3 + -9?
36
(-163 + 188 - (12 + 2 + 2)) + (0 - 5)
4
What is the value of 34 + -26 + -20 - (-6 + -110 + -1) - -4?
109
What is the value of -13 + (5 - 1 - (-3 - (-3 - -15)))?
6
What is the value of 108 + 0 - (16 - 45 - (-67 - -18))?
88
What is the value of -47 + -2 + 5 + (22 - 13) + -17 + 14?
-38
-58 - -191 - (52 - (4 - -18))
103
What is 9 + 1 + (1500 - 1485)?
25
What is -79 - (-67 + 84 - (26 + -23 + 10 + 0))?
-83
Evaluate (5 - -31) + 114 + -108.
42
-51 + (-2 - -2) + (254 - 245) + -5
-47
Evaluate 5 - (14 - ((-4 - -3) + 26 + -20 - 8)).
-12
Calculate (-7 - 15) + -1 + 32 + -9 + -78 + 1.
-77
85 - (-4 + 3 + -3 - 6) - (-15 + 21)
89
What is the value of -2 - (19 + (2 - (0 - (2 + -4 + 6))))?
-27
What is -47 + 40 + (7 - 15)?
-15
What is 9 - 0 - 25 - (412 + -421)?
-7
Calculate (17 - (-6 - 2)) + -4 + (-47 - 5).
-31
Evaluate 97 + 0 + -5 + -8 + (28 - 43).
69
What is 128 + (-81 - -55) + -113?
-11
(0 - 71) + 82 - (2 - -1 - 2)
10
What is the value of -43 + -5 - (-7 + -84)?
43
What is the value of 6 + 6 - 5 - 72 - (-176 + 172)?
-61
What is the value of (-14 + (33 - 17) - (-11 + 0 + 3)) + -7?
3
Evaluate 90 + -92 + 24 + -31.
-9
Evaluate (49 - 32) + 34 + (-3 - -16).
64
What is the value of (152 - (44 - 59)) + -80?
87
What is (9 + 4 + -33 + 7 - -23) + (40 - -9)?
59
Evaluate 12 - (-65 - (-13 + -91)).
-27
Evaluate 13 - (-13 + (0 + 3 - 7) + -11 + 18).
23
What is the value of (12 - 19 - -4 - (0 + -9 - -7)) + -43?
-44
What is -105 + (-5 + 9 + 1 + -6 + 1 - -10)?
-95
What is (11 - (-6 - (-11 - 28))) + -8?
-30
-26 + -5 + 102 + -58
13
Evaluate -1 + 46 + (118 - (96 + 14)) + 21.
74
Evaluate 4 - -1 - ((0 - -4 - (23 - 14)) + -30).
40
-1 + 4 - (34 - (93 + -91))
-29
-2 + -5 + 0 - (-198 + 223)
-32
Evaluate 4 + -7 + -19 - -44 - -17.
39
What is the value of 13 + (0 + -14 + -2 - (-30 + 21))?
6
What is 49 + (-3 - (7 - (10 - 12)))?
37
-1442 + 1440 + (-6 - -3 - -56)
51
Calculate 11 + 11 + (-114 - (-11 - (3 + -9) - -4)).
-91
What is (1 - -15) + 169 + -160?
25
18 + (37 - 121) - (-9 + 3 + -3 + 0)
-57
5 + 24 + -1 + 2 + -780 + 779
29
Calculate -1 + -9 + (100 - 101) + 18 + -1 + -29.
-23
Calculate -17 - 3 - (6 + -20 + -2).
-4
Evaluate 6 + (-6 - ((9 - 15) + 8 + -7)) + 10.
15
What is the value of -451 + 444 - (-111 - -14)?
90
What is -163 + (126 - (28 - 163))?
98
Evaluate 9 - (1 + 0) - (-26 - (26 + 39) - 11).
110
-15 - ((4613 - 4594) + (-163 - (2 - 2)))
129
Calculate 35 - (85 - (201 + -82)).
69
Evaluate (57 - 3) + (3726 - 3746).
34
Evaluate 15 + -45 + 10 - (-53 + 71).
-38
Calculate -4 + -3 + 78 + (6 - (24 + -6)).
59
Evaluate 126 - -67 - 178 - (3 + -6 - 104).
122
What is 68 + -35 + (169 - 136)?
66
Evaluate -9 + -5 - (-1 + 93 - (230 - 229)).
-105
Calculate -169 - -134 - (-18 - -10).
-27
Calculate (2 - 3) + -7 - 1 - (682 + -690) - -26.
25
Evaluate -2 + 14 + (-5 - (-4 - -2)) - -11.
20
What is the value of (40 - -3) + -1 + (51 - 23)?
70
-60 - (-70 - (-42 - -28))
-4
What is the value of 45 - (3 - ((-7 - -5) + 3 - (-1 + 2)))?
42
What is -48 - -30 - (0 - (-17 - -25) - (1 - -3))?
-6
Evaluate (1 - 0 - -45) + -2580 + 2524.
-10
What is the value of (1 - -1 - (-47 + 168)) + 906 + -925?
-138
What is -27 + 11 - 11 - 17?
-44
What is the value of -26 + -40 - (15 - (9 + -8))?
-80
What is the value of 41 + -63 + (-8 - (17 + 5))?
-52
Calculate (-27 + -16 - -29) + 15 + 1 + 8.
10
Evaluate 5 + -19 - (10 + -36 + 10) - (2 - -46).
-46
What is the value of (9 - -7) + (57 - 80) + 27?
20
Evaluate -89 + (-8 - -32 - -7).
-58
What is -6 + (2 - -7) + 2 - (-48 - -46) - 11?
-4
What is the value of 4 + (31 - -11) + -6 + 8?
48
Calculate -34 - (-95 - (-74 - 12)).
-25
What is -6 + 36 + 61 + -102?
-11
What is the value of (-241 - -232) + (0 + 1 - (2 - -74))?
-84
Evaluate 0 + (-83 - -91) + -79.
-71
Calculate 3175 - 3180 - (2 - 0 - (-1 + 53)).
45
Evaluate (4 - (0 + -1)) + 9 + 1 + -3.
12
Evaluate 0 